{"id":221,"date":"2020-12-04T16:02:53","date_gmt":"2020-12-04T13:02:53","guid":{"rendered":"https:\/\/demo.kanthemes.com.tr\/kanews\/?page_id=221"},"modified":"2025-03-16T13:26:19","modified_gmt":"2025-03-16T10:26:19","slug":"doviz-kurlari","status":"publish","type":"page","link":"https:\/\/kirmizibulten.com.tr\/index.php\/doviz-kurlari\/","title":{"rendered":"D\u00f6viz Kurlar\u0131"},"content":{"rendered":"\n\n\n<blockquote class=\"wp-block-quote is-layout-flow wp-block-quote-is-layout-flow\">\n<p>&#8220;Yat\u0131r\u0131m yapmay\u0131 asla b\u0131rakma. Geli\u015fmeyi asla b\u0131rakma. Yeni bir \u015feyler yapmay\u0131 asla b\u0131rakma.&#8221;<\/p>\n<cite>Herbokolog<\/cite><\/blockquote>\n<\/p>","protected":false},"excerpt":{"rendered":"<p>&#8220;Yat\u0131r\u0131m yapmay\u0131 asla b\u0131rakma. Geli\u015fmeyi asla b\u0131rakma. Yeni bir \u015feyler yapmay\u0131 asla b\u0131rakma.&#8221; Herbokolog<\/p>\n","protected":false},"author":1,"featured_media":0,"parent":0,"menu_order":0,"comment_status":"open","ping_status":"closed","template":"inc\/currencies.php","meta":{"footnotes":""},"class_list":["post-221","page","type-page","status-publish","hentry"],"_links":{"self":[{"href":"https:\/\/kirmizibulten.com.tr\/index.php\/wp-json\/wp\/v2\/pages\/221","targetHints":{"allow":["GET"]}}],"collection":[{"href":"https:\/\/kirmizibulten.com.tr\/index.php\/wp-json\/wp\/v2\/pages"}],"about":[{"href":"https:\/\/kirmizibulten.com.tr\/index.php\/wp-json\/wp\/v2\/types\/page"}],"author":[{"embeddable":true,"href":"https:\/\/kirmizibulten.com.tr\/index.php\/wp-json\/wp\/v2\/users\/1"}],"replies":[{"embeddable":true,"href":"https:\/\/kirmizibulten.com.tr\/index.php\/wp-json\/wp\/v2\/comments?post=221"}],"version-history":[{"count":1,"href":"https:\/\/kirmizibulten.com.tr\/index.php\/wp-json\/wp\/v2\/pages\/221\/revisions"}],"predecessor-version":[{"id":2031,"href":"https:\/\/kirmizibulten.com.tr\/index.php\/wp-json\/wp\/v2\/pages\/221\/revisions\/2031"}],"wp:attachment":[{"href":"https:\/\/kirmizibulten.com.tr\/index.php\/wp-json\/wp\/v2\/media?parent=221"}],"curies":[{"name":"wp","href":"https:\/\/api.w.org\/{rel}","templated":true}]}}